**3 - 3*f**2 - 4*f - 8. Let m be k(-4). Is s(m) a multiple of 56?
True
Let x(d) = 2*d - 2*d**2 + 6 + 4 - 16*d. Let i be x(-7). Suppose q + f - 36 = 0, 5*q - 172 - i = -3*f. Does 4 divide q?
False
Is 18 a factor of (-57)/627 - (-10698)/66?
True
Let w = 17163 + -17140. Let v be (0 + 1)/((-2)/(-4)). Suppose 0 = -v*h + 185 + w. Does 8 divide h?
True
Suppose 8*k = 10*k - 826. Suppose 0 = 8*b - 1589 + k. Is 8 a factor of (b/4)/((-3)/(-8)) - 2?
True
Let t = 4281 + -2631. Is 30 a factor of t?
True
Suppose -2*w - 2*y = 0, -4*y = -5*y + 4. Does 17 divide w + 13/((-130)/(-144))*5?
True
Let i(t) = 41*t - 4. Let j be i(3). Let l = -24 + 55. Suppose -r = -j + l. Is r a multiple of 11?
True
Suppose 2*y - 3*s = -y + 3, 5*y + 2*s = -23. Is 8 a factor of -2 - y - (-62 + -5)/1?
False
Suppose -r = -d - 5, -3*r + 13 = d - 3*d. Suppose 0 = r*h - 2*h - 3. Suppose h*w - 600 = -9*w. Does 36 divide w?
False
Let c(r) = 2*r**2 + 28*r + 3. Suppose -168 = 11*q - 14. Let g be c(q). Suppose 5*f + 225 = 5*h, 0 = -4*h + g*f + 31 + 146. Is h a multiple of 7?
True
Let j(x) = 803*x**2 + 119*x + 620. Is j(-5) a multiple of 150?
True
Let z = -247 + 261. Suppose -1298 = -z*d + 214. Is d a multiple of 54?
True
Let n = 24320 - 23231. Is 9 a factor of n?
True
Suppose 3*r + n = 0, r - 4*n + 0*n = -13. Let b(o) = 516*o**2 + 16*o + 17. Is 46 a factor of b(r)?
False
Suppose -x + 56926 - 8211 = 5*d, -4*d + x + 38981 = 0. Is 12 a factor of d?
True
Suppose 58*i - 214893 - 466687 = -18176. Is i a multiple of 266?
True
Let l = -7896 + 11934. Is 145 a factor of l?
False
Does 17 divide ((-46)/(-4))/((-11)/(-3366))?
True
Let o(u) = u**2 + u + 18. Let i be o(0). Let x be 4/(4/7) - i/(-6). Let l(r) = 7*r + 6. Is l(x) a multiple of 38?
True
Suppose -s + 217 = d, -636 = -3*d - 0*s + 2*s. Suppose 0 = 3*l - d - 38. Suppose -2*r + 14 = -l. Does 13 divide r?
False
Let r(q) = -22*q + 26. Let v = 138 + -128. Suppose 4*z - z - 22 = 4*c, -5*z + v = 0. Is r(c) a multiple of 9?
False
Suppose 6*v + 543 = 1911. Let p be 4/9*v - 8/(-12). Is 17 a factor of p/5*(-8)/(48/(-45))?
True
Let x(n) = -4*n**3 + 51*n**2 - 15*n + 48. Let i(t) = -6*t**3 + 77*t**2 - 23*t + 73. Let c(d) = -5*i(d) + 8*x(d). Does 3 divide c(11)?
False
Let x be ((-561)/99)/(2/12). Let w = x + 36. Suppose 0 = 3*h - 2*t - 169 - 40, -161 = -w*h - 3*t. Is h a multiple of 5?
False
Let y be 6 - ((-1917)/135 + (-2)/(-10)). Suppose -5*q = y, 2*q + 138 + 1040 = 3*l. Does 6 divide l?
True
Let k(h) = 31*h + 17*h + 26 - 46 + 19. Is 2 a factor of k(1)?
False
Let v = 57214 - 39205. Does 29 divide v?
True
Suppose -2*c = 4*k - 59860, -2*k = -382*c + 385*c - 89770. Does 32 divide c?
True
Let r = -324 - -1551. Suppose -3*a = c + c - r, 3 = c. Is 37 a factor of a?
True
Let k be 1*4/4 + (-2)/(-1). Suppose -36 = -k*b - 3*b. Does 5 divide 118/b + ((-4)/12)/(-1)?
True
Let q be 15*(-4 + (-3)/(36/(-44))). Let v(k) = -2*k**3 - 3*k**2 - 3*k - 4. Let l be v(q). Suppose 8*a - 4 = 4*a, 3*a + l = 3*f. Is f a multiple of 3?
True
Suppose -y - 3*r = -3*y + 38, 5*y - 5*r = 105. Suppose -10*s + y*s - 1125 = 0. Does 2 divide s?
False
Let b be 19/(152/48) + 2 + 4. Is 2*b/(-16)*-192 a multiple of 16?
True
Suppose 4114 - 539 = 5*y. Is y a multiple of 5?
True
Suppose o = x - 10, 12*x - 20 = 2*o + 7*x. Let g(c) = -c**3 - 6*c**2 + 2*c + 8. Is 39 a factor of g(o)?
False
Let s(p) be the first derivative of p**2 - 26*p + 3. Let u be s(18). Suppose u*t - 513 + 93 = 0. Is 21 a factor of t?
True
Let y be -3 - (-52)/(0 + 1). Let g(o) = o**2 + 9*o - 10 + y + o - 18. Is g(-15) a multiple of 14?
False
Let c(w) = 2*w**2 + 3*w + 198. Suppose 17*b - 4*y - 166 = 19*b, -4*b - 2*y - 308 = 0. Let o = 75 + b. Does 11 divide c(o)?
True
Let v = 377 - 112. Suppose 0 = 2*k - 3*q - v, 4*k - 4*q - 318 = 202. Is 11 a factor of k?
False
Suppose -9*l + 15*l = 5*f - 16334, 16337 = 5*f - 3*l. Is f a multiple of 57?
False
Let z = -259 - -133. Suppose 2742*r - 2744*r = 178. Let w = r - z. Is w even?
False
Suppose 41948 = 4*f - t - 10114, 4*t + 65083 = 5*f. Does 19 divide f?
True
Suppose -3*m = -2*j + 3010, -49*j + 7530 = -44*j - 5*m. Does 25 divide j?
False
Let f be -4*(-3)/24*-4. Let z(i) = i**2 - 4*i**2 - 38*i**3 + 28*i**3 - 2*i. Does 18 divide z(f)?
True
Suppose -2*y + 124 = k + 3*k, -4*y = -4*k + 124. Let b be 2220/(-15)*k/(-4). Suppose 5*s - 3*a = -5*a + b, -3*s + 683 = -4*a. Does 32 divide s?
False
Suppose -46*g + 41*g = -300. Suppose -g*o = -55*o + 15. Is 13 a factor of 26*-9*(o - (-34)/12)?
True
Let h(f) = -f**2 + f + 12. Let z(r) be the third derivative of r**5/60 - r**4/12 - 13*r**3/6 - 18*r**2. Let d(q) = -4*h(q) - 3*z(q). Is d(-7) a multiple of 3?
False
Suppose 0 = -o + 4*i + 49, -40*i = -3*o - 36*i + 147. Does 39 divide o?
False
Let r be 1 - 2 - ((-30)/(-10) + -8). Suppose -5*f - i = -2396, -2*i + 3*i = -r*f + 1916. Is f a multiple of 16?
True
Suppose -187386 = 49*b - 809196. Is 10 a factor of b?
True
Let s = 48 + -44. Suppose w - s = -0*w. Suppose 3*v - 220 = -v + 4*l, -w*v + 196 = 2*l. Is v a multiple of 6?
False
Let i = -9 + 13. Let j be 10/(-3) + i + 44/(-3). Is 11 a factor of j/(-21) - (-31)/3?
True
Let u(p) = -p**2 - 11*p - 18. Let k be u(-9). Let x = 7 - k. Suppose 3798 = 25*z - x*z. Does 14 divide z?
False
Suppose -2*n - 2*g = -1292, 5*n + 3*g - 2259 = 975. Suppose -104*j = -101*j + n. Let d = j - -384. Is d a multiple of 14?
True
Let w(m) = 9*m**3 - 22*m**2 + 23*m + 587. Is w(12) a multiple of 13?
True
Let k(b) = 6*b - 15*b + 2*b + 74 + 3*b. Does 14 divide k(-8)?
False
Suppose -1 + 3 = -2*w, 4*d - 118 = 2*w. Let c = -11 + d. Suppose c - 28 = -i. Does 4 divide i?
False
Suppose -w + 90 = 4*x, -w - 5*x + 2*x = -94. Let z be (-7 + 6 - -1) + -2 + 5. Suppose 3*p - 4*k - 24 = 50, z*p - w = -4*k. Does 15 divide p?
True
Suppose 3*g - 2 = 7. Let q be (-2 - 0)*g/2. Is 10 a factor of (q - (-206)/2)/2?
True
Suppose -4*y + 0*r + 29 = 3*r, -25 = -2*y - 5*r. Suppose y*i = 1267 + 5033. Is (i/150)/((-3)/(-80)) a multiple of 32?
True
Is (3/(-4)*(-8 - -4))/((-51)/(-775761)) a multiple of 159?
True
Suppose 17*b - 29*b - 50864 = -20*b. Does 17 divide b?
True
Suppose w = 11*w - 370. Let p = 51 + w. Is p a multiple of 6?
False
Let m be (42/(-10))/(9/(-45)). Suppose 0 = -67*g + m*g + 52026. Is 13 a factor of g?
True
Let o(n) be the first derivative of n**4/12 + n**3 - 15*n**2/2 - 9*n + 3. Let x(r) be the first derivative of o(r). Is 13 a factor of x(-12)?
False
Suppose 62 = -11*j + 6*j + 4*y, 5*y = -5*j - 80. Let o(b) = 18*b + 300. Is 24 a factor of o(j)?
True
Let g = 15150 + -6804. Does 26 divide g?
True
Suppose -139 = p - 0*p + 5*d, p = -2*d - 130. Let b = -288 + 491. Let y = b + p. Is 8 a factor of y?
False
Suppose 20 = 4*g, 0 = -5*y - 12*g + 16*g + 23540. Does 38 divide y?
True
Let p = 49 - 44. Suppose -p*u - 55 + 65 = 0. Suppose -4*c = u*r - 351 - 71, 0 = -3*r - 3*c + 624. Is r a multiple of 41?
True
Suppose -2*z - 2 - 2 = 2*g, -3*z - 12 = g. Suppose 64 = y + g*y. Let p = 38 + y. Does 9 divide p?
True
Let d(b) = -199*b - 13 - 1 - 201*b + 385*b. Is d(-2) a multiple of 3?
False
Suppose -z = 10*m - 14*m - 7311, -z + 7318 = 3*m. Is 77 a factor of z?
True
Suppose 4*j - 11205 = -5*v, 2*j - 3*j + 5*v + 2795 = 0. Is j a multiple of 28?
True
Let o(s) be the first derivative of -s**2 - 24*s + 1. Let t be o(-11). Does 11 divide (-12)/(-54)*129*(-3)/t?
False
Let y = 40 + -53. Let o = y + 70. Is 7 a factor of o?
False
Let q(j) = 2*j**2 + 16*j - 22. Suppose 2*r - 20 + 38 = 0. Let n = -5 + r. Is 11 a factor of q(n)?
False
Does 56 divide 3332175/600 + 6/16?
False
Let a = -25399 - -46542. Is a a multiple of 17?
False
Let v(s) be the third derivative of s**6/40 - 11*s**5/20 + 9*s**4/8 + s**3/6 + 24*s**2 - 2*s. Is 16 a factor of v(11)?
False
Suppose -2*v - 36*d = -34*d - 6256, -v + 3120 = -3*d. Does 6 divide v?
True
Let z be 0/((-3)/(0 - -3)). Suppose 3*k = -4*a - 146, z = -4*a + 2*a - 3*k - 76. Let t = 41 - a. Is t a multiple of 10?
False
Let o(v) = 28*v**3 + 15*v**2 - 193*v + 18. Does 14 divide o(9)?
True
Does 14 divide (-1)/(4 - (-33942)/25452*-3)?
True
Let o(a) = 3*a - 21. Suppose 0 = -3*n - 2*j + 12 + 12, 5*j = -3*n + 15. Let h be o(n). Suppose h*u = 10*u - 24. Is 6 a factor of u?
True
Let a(g) be the first derivative of 5*g**3/6 + 9*g**2 + 3*g + 10. Let r(y) be the first derivative of a(y). Does 23 divide r(14)?
False
Suppose 